(5)?
725
Let n(s) = -s**3 - 10*s**2 + 29*s + 8. What is n(-12)?
-52
Let q(h) = -h**2 - 18*h - 27. What is q(-10)?
53
Let o(v) = -v**3 + 2*v**2 - 47*v + 239. Determine o(4).
19
Let q(j) = 314*j**3 + 2. What is q(1)?
316
Let n(j) = -j**3 - 5*j**2 - 22*j - 170. Determine n(-6).
-2
Let f(s) = s**3 + 12*s**2 - 12*s + 26. Calculate f(-13).
13
Let i(z) = -2731*z + 16451. Calculate i(6).
65
Let r(v) = -50*v - 89. Calculate r(-2).
11
Let h(s) = -55*s**2 - 1698*s + 196. What is h(-31)?
-21
Let j(w) = -189*w + 915. Calculate j(5).
-30
Let t(n) = -6*n + 413. Give t(46).
137
Let k(s) = -317*s - 2216. Give k(-7).
3
Let j(a) = 136*a**2 + 3414*a + 364. Give j(-25).
14
Let v(r) = r - 20. Determine v(-7).
-27
Let l(x) = -37*x + 869. Calculate l(13).
388
Let r(i) = -5*i**2 + 53*i - 2. Determine r(10).
28
Let r(d) = -4*d**3 + 56*d**2 - d + 31. Determine r(14).
17
Let b(s) = 207*s + 2696. Give b(-13).
5
Let o(x) = 38*x**3 - 5*x**2 - 3*x + 1. Calculate o(-1).
-39
Let a(w) = 9*w - 261. Give a(21).
-72
Let l(y) = -y**3 + 15*y**2 - 12*y + 169. Calculate l(15).
-11
Let m(n) = -42*n + 1007. Give m(21).
125
Let t(d) = -384*d - 15360. Give t(-40).
0
Let a(j) = 109*j**2 + 550*j + 42. Determine a(-5).
17
Let f(w) = w**2 + 189*w - 10523. Determine f(45).
7
Let o(f) = f**3 - 10*f**2 - 27*f + 17. Determine o(12).
-19
Let r(h) = -4144*h - 24874. Give r(-6).
-10
Let n(k) = k**3 - 6*k**2 - 37*k + 169. Calculate n(8).
1
Let t(j) = -j**2 + 154*j + 307. Determine t(-2).
-5
Let a(y) = -y**2 - 35*y - 18. Give a(-20).
282
Let y(u) = 181*u**3 + 8*u**2 - 10*u + 2. Calculate y(1).
181
Let m(r) = 4*r**2 - 19*r - 37. Give m(8).
67
Let k(s) = s**2 + 871*s - 1744. Give k(2).
2
Let h(l) = 3*l**2 - 4*l + 16. Calculate h(6).
100
Let a(u) = -69*u - 2525. Give a(-37).
28
Let s(x) = -2*x**3 + 8*x**2 - 4*x - 10. Give s(6).
-178
Let s(b) = 188*b**2 + 2095*b + 298. Calculate s(-11).
1
Let v(n) = 2*n**2 + 4178*n + 16681. Determine v(-4).
1
Let s(x) = -2*x**2 - 2*x + 69. Calculate s(12).
-243
Let d(c) = 32*c + 426. Calculate d(-9).
138
Let i(o) = -2*o**2 + 22*o + 951. What is i(-17)?
-1
Let b(x) = x**3 - 39*x**2 + 61*x - 879. Calculate b(38).
-5
Let q(j) = -61*j - 2669. What is q(-46)?
137
Let m(l) = l**2 - 116*l + 610. Determine m(6).
-50
Let w(g) = -2*g**2 - 218*g + 413. Give w(-111).
-31
Let a(s) = -s**3 - 2*s**2 + 4*s - 24. Calculate a(-5).
31
Let i(b) = -3*b**3 - 118*b**2 + 86*b + 237. Calculate i(-40).
-3
Let r(d) = 375*d - 6381. Determine r(17).
-6
Let i(k) = -213*k - 26473. Give i(-124).
-61
Let z(h) = h**3 + 35*h**2 + 67*h - 49. What is z(-33)?
-82
Let y(h) = -11*h - 31. Give y(-6).
35
Let y(q) = -q**2 - 21*q + 196. What is y(-26)?
66
Let r(j) = j**3 + 14*j**2 + 8*j - 74. Calculate r(-13).
-9
Let s(z) = 2*z**2 + 24*z + 15. Give s(-10).
-25
Let w(d) = 43*d**2 + 2883*d + 128. What is w(-67)?
-6
Let c(q) = -3*q**3 - 2*q**2 - 172*q - 5. Determine c(0).
-5
Let m(h) = -2080*h - 37436. Give m(-18).
4
Let i(c) = -682*c + 43. Give i(0).
43
Let y(z) = -15*z**2 - 344*z - 4. What is y(-23)?
-27
Let m(z) = -9*z**3 - 119*z**2 - 35*z - 119. What is m(-13)?
-2
Let u(p) = -p**2 + 86*p + 5015. Determine u(-40).
-25
Let o(b) = 356*b - 414. Calculate o(1).
-58
Let k(u) = -u**3 + 18*u**2 + 283*u - 1740. Determine k(5).
0
Let k(u) = 2*u**2 + 36*u - 220. Determine k(5).
10
Let w(u) = -98*u - 104. Determine w(-1).
-6
Let g(b) = -5955*b - 53602. Determine g(-9).
-7
Let s(g) = 22*g + 1515. Calculate s(-64).
107
Let n(z) = 176*z - 158. What is n(1)?
18
Let f(o) = -o**2 + 4632*o + 65052. Determine f(-14).
8
Let y(b) = 2*b**3 - 29*b**2 - 6*b + 189. Calculate y(14).
-91
Let t(i) = -i**3 + 18*i**2 + 19*i - 36. Determine t(20).
-456
Let c(q) = q**2 - 100*q + 645. Determine c(7).
-6
Let r(g) = 238*g + 4764. What is r(-20)?
4
Let a(c) = -220*c**2 + 3*c - 1. Determine a(1).
-218
Let f(k) = -k**3 + 63*k**2 + 2202*k - 187. Calculate f(88).
-11
Let q(h) = 2*h**2 + 55*h - 45. Give q(-27).
-72
Let m(c) = 9*c**2 - 24*c - 81. What is m(-2)?
3
Let b(g) = -g**3 - 8*g**2 + 33*g + 264. What is b(-6)?
-6
Let t(s) = -s**2 - 52*s - 288. Give t(0).
-288
Let y(d) = -244*d + 653. Calculate y(3).
-79
Let h(q) = 3*q**2 + 108*q - 229. Give h(-38).
-1
Let m(u) = 3*u**2 + 78*u + 265. Calculate m(-4).
1
Let z(x) = -x**2 + 15*x - 186. Calculate z(0).
-186
Let c(y) = y**2 - 61*y - 757. Determine c(-11).
35
Let a(r) = 1794*r - 23326. Calculate a(13).
-4
Let i(j) = -12405*j + 86830. What is i(7)?
-5
Let n(i) = -20*i**2 - 191*i + 7. What is n(-10)?
-83
Let i(a) = 2*a**3 + 4*a**2 - 6*a. What is i(-4)?
-40
Let i(b) = -338*b - 232. Determine i(-1).
106
Let x(n) = 2*n**3 - 12*n**2 + 2*n - 2. Determine x(0).
-2
Let a(w) = w**2 + 43*w - 265. Calculate a(4).
-77
Let c(p) = -p**2 + 26*p + 166. Calculate c(-5).
11
Let m(t) = -t**3 - 98*t**2 - 274*t + 1046. Calculate m(-95).
1
Let m(o) = -6*o**2 + 376*o + 905. What is m(65)?
-5
Let k(j) = 8*j**3 - 5*j**2 - 4*j + 6. Calculate k(2).
42
Let a(g) = -4*g**2 - 227*g - 2524. Determine a(-15).
-19
Let f(l) = -l**3 + 43*l**2 - 205*l - 1691. Determine f(36).
1
Let r(i) = -9*i**2 - 42*i + 39. Give r(1).
-12
Let a(m) = 4*m**3 - m**2 + m + 202. Determine a(0).
202
Let t(f) = -2*f**2 - 22*f + 86. Calculate t(8).
-218
Let d(i) = -876*i**2 - 17518*i + 40. Give d(-20).
0
Let k(d) = d**3 + 4*d**2 + 5*d - 30. Calculate k(5).
220
Let t(r) = 5*r**3 - 59*r**2 - 78*r + 4. Give t(13).
4
Let r(b) = 83*b + 225. Calculate r(-4).
-107
Let w(o) = -2*o**2 + 70*o + 8767. Calculate w(-51).
-5
Let m(f) = -6*f - 7. Give m(-9).
47
Let z(h) = -h**3 - 13*h**2 + 68*h + 3. Determine z(4).
3
Let b(v) = 397*v + 34932. What is b(-88)?
-4
Let c(d) = -d**2 - 142*d - 3433. Give c(-111).
8
Let q(t) = 277*t**2 - 823*t - 12. Calculate q(3).
12
Let b(l) = -l**3 + 15*l**2 - 32*l + 26. Give b(13).
-52
Let c(f) = -f**3 - 64*f**2 + 6*f + 387. Determine c(-64).
3
Let r(o) = o**3 - 16*o**2 - 26*o - 185. Give r(18).
-5
Let l(n) = 477*n - 3. Calculate l(0).
-3
Let x(l) = -23*l - 91. Calculate x(-4).
1
Let d(r) = 849*r - 10179. Give d(12).
9
Let x(c) = -12*c**3 - 2*c**2 + 279*c + 281. Give x(-1).
12
Let q(m) = 2*m**3 - 33*m**2 + 120*m - 22. Give q(9).
-157
Let p(m) = 12*m**2 + 28*m - 133. What is p(-5)?
27
Let a(i) = 11*i**2 - 419*i - 217. What is a(39)?
173
Let v(r) = -627*r + 78997. Determine v(126).
-5
Let j(r) = 2*r**3 + 105*r**2 - 56*r - 50. Give j(-53).
109
Let p(m) = m**3 + 16*m**2 + 70*m + 523. Determine p(-14).
-65
Let s(u) = -4332*u - 30323. What is s(-7)?
1
Let j(v) = -v**2 + 20*v - 71. Calculate j(22).
-115
Let m(c) = -c**3 + 46*c**2 + 27*c - 1015. What is m(46)?
227
Let x(o) = o**3 - 36*o**2 + 69*o - 14. Determine x(34).
20
Let v(x) = 4*x**3 - 5*x**2 + 10*x + 26. Determine v(-2).
-46
Let b(j) = 2*j**3 - 2*j**2 - 2*j - 55. What is b(0)?
-55
Let y(s) = s**3 - 15*s**2 - 19*s + 302. Give y(15).
17
Let c(p) = -34*p - 1296. What is c(-38)?
-4
Let d(y) = -y**2 + 355*y - 2452. Determine d(7).
-16
Let g(d) = 269*d + 1662. Calculate g(-6).
48
Let d(p) = -16*p**2 - 114*p - 3. What is d(-6)?
105
Let x(r) = 31*r + 781. Calculate x(-25).
6
Let w(s) = 49*s - 77. Give w(2).
21
Let v(k) = -31*k**2 + 31*k + 57. Determine v(-2).
-129
Let d(n) = 2*n**3 + 218*n**2 + n + 85. Give d(-109).
-24
Let q(f) = -6*f**2 - 181*f + 14914. What is q(37)?
3
Let d(x) = 16*x**3 + 336*x**2 + 7*x + 86. Give d(-21).
-61
Let n(m) = -m**3 + 28*m**2 - 5*m + 192. Determine n(28).
52
Let p(z) = -3*z**2 - 224*z + 302. Determine p(-76).
-2
Let c(s) = -s**3 - 3*s**2 - 2193*s - 4377. Calculate c(-2).
5
Let d(k) = -47*k**2 + 3*k + 4. Determine d(-2).
-190
Let i(z) = -76*z**2 - 17*z + 16. What is i(1)?
-77
Let v(w) = -w**3 - 4*w**2 + 26*w + 147. What is v(-6)?
63
Let k(c) = 4*c**2 + 353*c + 1063. Determine k(-3).
40
Let c(m) = -9*m + 161. Give c(19).
-10
Let g(a) = -a**2 - 71*a - 363. Calculate g(-58).
391
Let g(c) = -154*c + 1995. What is g(13)?
-7
Let t(b) = b**3 + 6*b**2 + 36*b + 66. Calculate t(-3).
-15
Let x(w) = w**3 - 20*w**2 - 34*w + 222. Give x(21).
-51
Let v(x) = 527*x + 1198. Give v(-2).
144
Let n(h) = 10*h**2 + 92*h - 172. Determine n(2).
52
Let i(h) = h**3 - h**2 - 2*h + 7. Calculate i(-2).
-1
Let s(k) = 37*k - 10. Give s(4).
138
Let w(z) = -146*z + 132. Calculate w(1).
-14
Let q(v) = 5*v**3 - 5*v**2 - 5*v - 9. Determine q(-2).
-59
Let s(t) = -431*t + 3890. Give s(9).
11
Let d(a) = 50*a - 96.